+ 349. Is w a prime number?
False
Let p be 6/16 - (-778)/16. Suppose 15 = w + 2*w, 20 = x - 2*w. Let r = p - x. Is r a composite number?
False
Let u(z) be the first derivative of 131*z**3/3 + 8*z**2 - 40*z - 19. Is u(7) a composite number?
False
Let v(y) = y**2 - 2*y - 5. Suppose l + 0*l - 13 = 0. Suppose -3*n + l = -5. Is v(n) a prime number?
True
Suppose -2 = 3*l - 8, s - 5*l = -12. Let t(b) = -b**2 + 11*b - 16. Let k be t(9). Is 165/k - s/4 composite?
False
Suppose 11*t - 9376 = 34503. Is t a composite number?
False
Let w(x) = -x**3 + 14*x**2 + 15*x + 7. Let l = 7 + -6. Suppose 0 = -2*t + u + 33, -u + l = 4. Is w(t) composite?
False
Is (-336)/30 + 11 + (-35556)/(-5) prime?
False
Let a be 1/(-7) + 202/(-7). Let r = 31 + a. Suppose -r*m + 129 = m. Is m composite?
False
Let m(o) = 10*o**2 + 35*o - 322. Is m(17) a prime number?
True
Is (-56)/(-42) - (-12419)/3 a prime number?
False
Suppose 5*y - 7*y = 22. Is (1941/1)/(y + 14) a composite number?
False
Suppose 2*z - i + 381 = 0, -3*z + 2*i = -0*z + 572. Let a = 151 - z. Is a a composite number?
True
Let o = 29245 - 13844. Is o prime?
True
Let t = 721 - -7068. Is t a prime number?
True
Let t be 0/(-1) - 4 - -9. Suppose t*f + l = 2*f - 10, 3*l = 2*f + 14. Is 51 + (-2 - (-8)/f) a composite number?
False
Let u(q) = 165*q**2 + 18*q - 64. Is u(15) prime?
False
Suppose 2*o = -488 - 1420. Let g = o - -1741. Is g a composite number?
False
Suppose -4*o - 31*o = -224735. Is o composite?
False
Let t be -2886*(-1 - (1 - 3)). Is t/(-2)*16/48 a prime number?
False
Suppose 5*k - 9*k - g = -26085, 2*k = 2*g + 13040. Is k a composite number?
False
Suppose -4*b = 21 + 27. Is (-3)/(-12) + (1 - 3189/b) a composite number?
True
Suppose -4*b + 4*x = -20, 2*b + 5*x = b - 7. Suppose 5*o + 5*d = 1735, -b*d = 2*o - 0*o - 694. Let c = o + -124. Is c a prime number?
True
Suppose 174889 = 9*m + 4*m. Is m a prime number?
False
Let p(n) = 55*n**2 + 45*n + 177. Is p(22) prime?
False
Suppose -33*l - 31239 = -60*l. Is l prime?
False
Let s(o) be the third derivative of o**6/30 - o**5/30 + o**4/24 + o**3/6 + 4*o**2. Let m be s(3). Let l = 165 - m. Is l prime?
True
Let s(u) = u**3 + 5*u**2 + 3*u - 6. Suppose 6 = 2*p - 2. Let l be s(p). Let g = l - 23. Is g composite?
False
Let k = -47 + -17. Let g = k - -167. Is g a composite number?
False
Suppose 4*r + 5*g = 594 + 58, g - 836 = -5*r. Let q be (0/(-4 + 3))/2. Suppose q = -5*h + 77 + r. Is h a prime number?
False
Let o(f) = -41*f - 42. Let y be o(-11). Suppose 95*g - 94*g - y = 0. Is g composite?
False
Let t = 12 - 20. Let n = t - -8. Suppose -h - w + 216 = n, h + 2*h = 3*w + 618. Is h a composite number?
False
Let v(s) = 2*s**2 + 3*s + 1969. Is v(0) composite?
True
Let k be (-4)/(-8)*-2*6. Is ((-2)/k)/((-3)/(-1611)) composite?
False
Let m(d) = -d**3 - 5*d**2 + 5*d. Let b = -6 - 0. Let p be m(b). Let s = p + 83. Is s prime?
True
Let b(j) = -1287*j + 6. Let w(u) = -429*u + 2. Let l(r) = -4*b(r) + 11*w(r). Is l(3) prime?
False
Let c = 451 + -117. Suppose 366 = 2*v - c. Suppose -4*u + 714 = -p, -4*u = -2*u + 3*p - v. Is u a composite number?
True
Let c(d) = -d**2. Let q(j) = 3*j**2 + 6*j + 12. Let p(k) = 2*c(k) + q(k). Let g = -24 + 17. Is p(g) a composite number?
False
Let f = 569 - 198. Suppose -o + 0*o + f = 0. Is o a prime number?
False
Is (-25)/(-10)*(-11)/(22/(-16228)) composite?
True
Suppose 1157 - 18589 = -8*c. Is c prime?
True
Is (-2673540)/(-50) - (-4 + (-95)/(-25)) a composite number?
True
Let i = 3217 - -1097. Is (3/6)/(3/i) a composite number?
False
Suppose -q + 3 = 4*h, h + 19 = -5*q - 2*h. Let c(x) = 2 + 5 + 1 - 25*x. Is c(q) a composite number?
True
Suppose 10*b + 47 + 4233 = 0. Let c = 2789 + b. Is c composite?
True
Let q(p) = 60*p - 9. Let w be q(12). Let k be (46/14 - (-12)/(-42)) + 397. Let j = k + w. Is j composite?
True
Let d = -22 + -18. Let r be 3898/8 - (-10)/d. Let m = r + -329. Is m a prime number?
False
Let p(c) = c**2 + c - 18. Let h be p(0). Is (19 + h)*(-13)/1*-29 a composite number?
True
Suppose -4*r - 4*g + 3 = -3*g, -9 = 5*r - 3*g. Let t(j) = -j**2 - j + 1. Let f be t(r). Is (2 - f) + 39*2 composite?
False
Suppose g - 2*i + 32 = 3*g, -5*g - i = -68. Suppose -3*b - 7 = -g. Suppose a = 3*a - 4*n - 94, 4*n = -b*a + 134. Is a a prime number?
False
Let z(o) = 5*o - 1. Let i = -17 + 20. Let s = 6 - i. Is z(s) a prime number?
False
Let n(x) = -x**3 + 2*x**2 - 2*x - 2. Let b be n(2). Let a = 135 + b. Is a prime?
False
Suppose -16154 - 104839 = -31*u. Is u a prime number?
False
Suppose -3*d + 3 = -3*h, 0 = -2*h - 2*d + d - 11. Let b = 29 + h. Is b prime?
False
Suppose 3*s = 3*l + 9, 0 = 4*s - 2*l - 3*l - 15. Is 7/(19/34922*(2 + s)) a prime number?
False
Let h(j) = j - 13. Let k be h(12). Let r(o) = -1172*o**3 + o**2 + 3*o + 1. Is r(k) composite?
False
Let q(i) = -97*i + 6. Let t be (-1)/3 - (-350)/(-75). Is q(t) prime?
True
Let r be 457/(-9) - -5*2/(-45). Let b = r + 70. Is b a composite number?
False
Suppose -460*y = -468*y + 2344. Is y a composite number?
False
Let l(m) be the third derivative of -20*m**4 + 79*m**3/6 - 11*m**2 - m. Is l(-6) composite?
True
Suppose 0 = 7*v - 24 + 3. Suppose 0 = 4*y + 12, -2*n + 2482 = -n + v*y. Is n prime?
False
Let w = -17 - -20. Let s be (2 - -4)/(w + -5). Is -3*(21*s + 4) a composite number?
True
Suppose 2*k - 1746 = 3*h, -64*k - 3*h = -67*k + 2625. Is k a composite number?
True
Let g(x) = -26*x**3 - 2*x**2 + 3*x - 9. Let s be g(-3). Suppose -2*p + s = 2*u, 0*u - 2*p - 658 = -2*u. Is u a composite number?
False
Suppose 12601 = 3*q + 4*f, -2*q - 4*f = 3*q - 20991. Is q a composite number?
True
Let j(h) = 2*h**2 - 50*h - 29. Is j(-17) composite?
False
Let n = -22184 - -36351. Is n prime?
False
Suppose -657 = 4*f - j, j = -2*f + 3*j - 324. Is 0 + (-6)/(18/f) prime?
False
Suppose 2*v - 6978 = -y, -2*y = -10 + 2. Is v prime?
False
Suppose 4*c - 2*q - 5979 + 1637 = 0, 2*c = -3*q + 2183. Is c composite?
False
Let i(t) = t**2 - 13*t - 2. Let w be i(8). Let x be w/7*(-10)/12. Suppose 0*r + 5*r = -x*b + 505, 2*b - 3*r - 182 = 0. Is b prime?
True
Let k(z) = 1327*z - 9. Let m be k(3). Suppose -12*u = -8*u - m. Is u/6 - (-6)/4 a composite number?
False
Suppose -4*b = b - 25. Suppose 0 = -b*u - 6630 + 225. Is u/(-35) + (-4)/(-10) composite?
False
Suppose -3*o + 486 = -516. Suppose 3*y = 12, -4*y + o = z + 95. Is z a prime number?
True
Let q(x) = 8*x**3 - 4*x**2 + 15*x - 17. Is q(6) composite?
False
Let t(y) = 3*y**2. Let l = 10 - 11. Let u be t(l). Suppose -59 = -u*f + 2*f. Is f prime?
True
Let v = -116 + 115. Is ((0 + (-2013)/(-6))*-2)/v a composite number?
True
Let y = 0 - 4. Let u be 1 + -3*(3 + y). Suppose -4*f + u + 11 = -3*a, f = -a + 2. Is f composite?
False
Suppose -s = -6*s + 10. Let f(c) = 3 + 57*c**s + 2 - 6 - 4. Is f(4) a composite number?
False
Let t be 2/(-15) - 152/(-15). Suppose 8 = 8*n - t*n. Is -331*2*2/n a prime number?
True
Suppose 0 = -19*a + 270 + 1136. Is a a composite number?
True
Let u(v) = 0*v**2 + 2*v - 2*v**2 - 4*v**2 - 5*v. Let d be u(4). Let k = -62 - d. Is k a composite number?
True
Suppose -5*v + 4 = -11. Suppose -v*t - 2*t = -15. Suppose 0 = t*h + d - 360, 2*h = h + 4*d + 133. Is h a composite number?
True
Is 507928/48 + 5/(-6) a composite number?
True
Let r(u) = 4*u**3 - 7*u**2 - 3*u - 19. Let o be r(9). Is o/2 + 4/(-8) a composite number?
False
Let p = 13785 - 5364. Let b = p - 2684. Is b a prime number?
True
Let x(a) = -18*a + 3 + 12*a + 31*a**2 + 5 + 2. Let y be x(4). Suppose 0 = -2*b - y + 1308. Is b composite?
True
Suppose -3*l + y = -9681 - 30588, -l + 13423 = 3*y. Is l composite?
True
Suppose 2*f - 2*l = 3976, 3*f + 2*f + 5*l - 9930 = 0. Is f a composite number?
False
Let u(d) = -d**3 - 16*d**2 + 7*d + 3. Let z be u(-17). Let f = 87 - 202. Let m = f + z. Is m a prime number?
False
Let i(a) = 340*a - 61. Is i(5) prime?
False
Let g be 8/6*24726/104. Let z = -211 + g. Is z prime?
False
Let p = 267 - 208. Is p composite?
False
Suppose -5588 = -14*o + 26934. Is o a prime number?
False
Let v(b) = -3*b**3 - 56*b**2 - 58*b + 32. Is v(-29) prime?
False
Suppose -h + 1 + 1 = 0. Suppose -2452 = -h*k - 918. Is k a composite number?
True
Let p(y) = -7*y + 1. Let j be p(-1). Suppose -j*m + 4*m = -348. Suppose d + 2*k = 157, -3*k + m = d - 68. Is d a composite number?
True
Let k = 27 + -57. Let q be (130/39)/